.
2, 19, 569
What are the prime factors of 15237?
3, 1693
List the prime factors of 1118.
2, 13, 43
List the prime factors of 404.
2, 101
List the prime factors of 852.
2, 3, 71
List the prime factors of 5332.
2, 31, 43
What are the prime factors of 306?
2, 3, 17
What are the prime factors of 5791?
5791
What are the prime factors of 1015?
5, 7, 29
What are the prime factors of 9288?
2, 3, 43
List the prime factors of 100025.
5, 4001
List the prime factors of 3968.
2, 31
List the prime factors of 7130.
2, 5, 23, 31
What are the prime factors of 218?
2, 109
List the prime factors of 32283.
3, 17, 211
List the prime factors of 550.
2, 5, 11
What are the prime factors of 14436?
2, 3, 401
List the prime factors of 3720.
2, 3, 5, 31
What are the prime factors of 8904?
2, 3, 7, 53
What are the prime factors of 30580?
2, 5, 11, 139
What are the prime factors of 3436?
2, 859
What are the prime factors of 6040?
2, 5, 151
List the prime factors of 7184.
2, 449
List the prime factors of 6602.
2, 3301
What are the prime factors of 1990?
2, 5, 199
What are the prime factors of 138714?
2, 3, 61, 379
What are the prime factors of 4788?
2, 3, 7, 19
What are the prime factors of 3481?
59
What are the prime factors of 3721?
61
List the prime factors of 5526.
2, 3, 307
List the prime factors of 443.
443
List the prime factors of 236.
2, 59
What are the prime factors of 6087?
3, 2029
List the prime factors of 56.
2, 7
What are the prime factors of 110198?
2, 11, 5009
What are the prime factors of 943?
23, 41
List the prime factors of 298.
2, 149
List the prime factors of 9038.
2, 4519
What are the prime factors of 2233?
7, 11, 29
What are the prime factors of 22095?
3, 5, 491
What are the prime factors of 20733?
3, 6911
What are the prime factors of 4086?
2, 3, 227
What are the prime factors of 23893?
23893
What are the prime factors of 1835?
5, 367
List the prime factors of 5907.
3, 11, 179
What are the prime factors of 14704?
2, 919
List the prime factors of 3933.
3, 19, 23
What are the prime factors of 7043?
7043
List the prime factors of 322.
2, 7, 23
What are the prime factors of 1126?
2, 563
What are the prime factors of 3843?
3, 7, 61
What are the prime factors of 43520?
2, 5, 17
What are the prime factors of 2088?
2, 3, 29
List the prime factors of 20441.
20441
What are the prime factors of 36165?
3, 5, 2411
What are the prime factors of 2106?
2, 3, 13
What are the prime factors of 5060?
2, 5, 11, 23
List the prime factors of 128581.
71, 1811
List the prime factors of 2656.
2, 83
List the prime factors of 69.
3, 23
What are the prime factors of 308?
2, 7, 11
What are the prime factors of 296?
2, 37
What are the prime factors of 47608?
2, 11, 541
List the prime factors of 3331.
3331
List the prime factors of 7873.
7873
List the prime factors of 1623.
3, 541
What are the prime factors of 8102?
2, 4051
What are the prime factors of 58402?
2, 29201
List the prime factors of 430.
2, 5, 43
What are the prime factors of 10848?
2, 3, 113
What are the prime factors of 307?
307
List the prime factors of 81371.
81371
List the prime factors of 307.
307
What are the prime factors of 723?
3, 241
What are the prime factors of 8542?
2, 4271
What are the prime factors of 233?
233
List the prime factors of 11963.
7, 1709
List the prime factors of 321.
3, 107
List the prime factors of 22601.
97, 233
List the prime factors of 33679.
33679
What are the prime factors of 19408?
2, 1213
List the prime factors of 211.
211
List the prime factors of 11922.
2, 3, 1987
What are the prime factors of 1372?
2, 7
List the prime factors of 1093.
1093
List the prime factors of 10501.
10501
What are the prime factors of 19052?
2, 11, 433
List the prime factors of 19100.
2, 5, 191
What are the prime factors of 2062?
2, 1031
What are the prime factors of 104775?
3, 5, 11, 127
What are the prime factors of 8758?
2, 29, 151
List the prime factors of 21842.
2, 67, 163
List the prime factors of 900.
2, 3, 5
List the prime factors of 100401.
3, 7, 683
What are the prime factors of 38078?
2, 79, 241
List the prime factors of 3118.
2, 1559
List the prime factors of 13155.
3, 5, 877
What are the prime factors of 3972?
2, 3, 331
What are the prime factors of 21063?
3, 7, 17, 59
List the prime factors of 27711.
3, 3079
List the prime factors of 906.
2, 3, 151
List the prime factors of 134694.
2, 3, 7, 1069
List the prime factors of 7108.
2, 1777
List the prime factors of 538.
2, 269
What are the prime factors of 991?
991
What are the prime factors of 32834?
2, 16417
What are the prime factors of 20434?
2, 17, 601
List the prime factors of 5578.
2, 2789
List the prime factors of 7675.
5, 307
List the prime factors of 1551.
3, 11, 47
What are the prime factors of 438?
2, 3, 73
List the prime factors of 4715.
5, 23, 41
List the prime factors of 4155.
3, 5, 277
List the prime factors of 10895.
5, 2179
List the prime factors of 2422.
2, 7, 173
What are the prime factors of 4633?
41, 113
What are the prime factors of 14616?
2, 3, 7, 29
What are the prime factors of 5740?
2, 5, 7, 41
What are the prime factors of 18976?
2, 593
What are the prime factors of 1438?
2, 719
What are the prime factors of 9383?
11, 853
List the prime factors of 9071.
47, 193
List the prime factors of 8632.
2, 13, 83
List the prime factors of 9297.
3, 1033
List the prime factors of 1821.
3, 607
What are the prime factors of 19350?
2, 3, 5, 43
What are the prime factors of 1759?
1759
What are the prime factors of 259?
7, 37
What are the prime factors of 22?
2, 11
What are the prime factors of 6903?
3, 13, 59
List the prime factors of 5112.
2, 3, 71
What are the prime factors of 1111?
11, 101
List the prime factors of 10988.
2, 41, 67
What are the prime factors of 38481?
3, 101, 127
What are the prime factors of 35990?
2, 5, 59, 61
List the prime factors of 1083.
3, 19
List the prime factors of 2617.
2617
What are the prime factors of 2157?
3, 719
What are the prime factors of 29078?
2, 7, 31, 67
List the prime factors of 1753.
1753
What are the prime factors of 48830?
2, 5, 19, 257
List the prime factors of 7295.
5, 1459
List the prime factors of 163581.
3, 11, 4957
List the prime factors of 16737.
3, 7, 797
List the prime factors of 4392.
2, 3, 61
What are the prime factors of 77178?
2, 3, 19, 677
What are the prime factors of 52850?
2, 5, 7, 151
What are the prime factors of 7328?
2, 229
List the prime factors of 3117.
3, 1039
List the prime factors of 18264.
2, 3, 761
List the prime factors of 3841.
23, 167
What are the prime factors of 17337?
3, 5779
What are the prime factors of 1994?
2, 997
What are the prime factors of 2630?
2, 5, 263
List the prime factors of 1246.
2, 7, 89
What are the prime factors of 775?
5, 31
What are the prime factors of 4458?
2, 3, 743
List the prime factors of 2431.
11, 13, 17
What are the prime factors of 9361?
11, 23, 37
List the prime factors of 29544.
2, 3, 1231
What are the prime factors of 9010?
2, 5, 17, 53
What are the prime factors of 95619?
3, 31873
List the prime factors of 938.
2, 7, 67
What are the prime factors of 514?
2, 257
List the prime factors of 1354.
2, 677
List the prime factors of 1034.
2, 11, 47
List the prime factors of 37560.
2, 3, 5, 313
List the prime factors of 20011.
20011
What are the prime factors of 19590?
2, 3, 5, 653
What are the prime factors of 20373?
3, 6791
List the prime factors of 3082.
2, 23, 67
What are the prime factors of 76103?
76103
List the prime factors of 20053.
11, 1823
What are the prime factors of 225?
3, 5
List the prime factors of 1122.
2, 3, 11, 17
List the prime factors of 7163.
13, 19, 29
What are the prime factors of 29059?
29059
List the prime factors of 13.
13
List the prime factors of 11310.
2, 3, 5, 13, 29
List the prime factors of 16439.
17, 967
What are the prime factors of 24317?
24317
What are the prime factors of 39213?
3, 4357
What are the prime factors of 1299?
3, 433
What are the prime factors of 1081?
23, 47
List the prime factors of 1718.
2, 859
What are the prime factors of 8028?
2, 3, 223
List the prime factors of 8353.
8353
List the prime factors of 70334.
2, 11, 23, 139
List the prime factors of 527.
17, 31
List the prime factors of 3155.
5, 631
What are the prime factors of 26088?
2, 3, 1087
List the prime factors of 1241